78208?
288
Calculate the greatest common factor of 1787020 and 16716.
796
Calculate the highest common divisor of 41716708 and 22.
22
What is the highest common divisor of 42477810 and 3926?
302
What is the highest common factor of 939123 and 5157?
9
Calculate the highest common divisor of 1340405 and 17875.
55
Calculate the greatest common divisor of 6116 and 1335532.
44
What is the highest common factor of 441731 and 4489?
67
Calculate the highest common divisor of 70 and 2429105.
35
What is the highest common factor of 1035 and 169487?
23
Calculate the highest common factor of 2204777 and 2058141.
5237
What is the highest common factor of 10542 and 4008690?
42
Calculate the highest common factor of 1482 and 464049198.
114
Calculate the greatest common divisor of 345668 and 21836.
412
What is the highest common factor of 4876404 and 468?
156
What is the greatest common divisor of 41125 and 3916150?
175
What is the greatest common factor of 11792 and 488752?
176
What is the greatest common factor of 73780161 and 39039?
3549
What is the greatest common factor of 251 and 189847866?
251
Calculate the greatest common divisor of 646 and 1775170.
38
Calculate the highest common factor of 5235 and 24511317.
1047
Calculate the highest common divisor of 800744 and 4187.
79
What is the highest common divisor of 10720 and 90864060?
1340
Calculate the greatest common factor of 30952509 and 231.
21
Calculate the highest common factor of 513000 and 9728.
152
What is the greatest common factor of 1212 and 139871062?
202
Calculate the greatest common divisor of 6580 and 1980298.
94
Calculate the highest common factor of 963 and 4066963.
107
Calculate the greatest common factor of 883553 and 125.
1
What is the highest common factor of 571283 and 198103?
397
Calculate the greatest common divisor of 669800 and 4012.
68
Calculate the greatest common factor of 7942536 and 3128.
136
Calculate the highest common factor of 25938 and 1546455.
393
Calculate the greatest common divisor of 6907945 and 1420.
355
What is the highest common divisor of 32794 and 38722?
38
Calculate the highest common factor of 5180 and 8145550.
2590
What is the highest common divisor of 3740305 and 40900?
2045
Calculate the highest common factor of 441 and 29736261.
9
Calculate the greatest common divisor of 12142590 and 11310.
870
Calculate the highest common factor of 199812 and 48924.
12
Calculate the highest common factor of 725 and 562220.
5
Calculate the highest common divisor of 402 and 5101916.
134
Calculate the greatest common factor of 90596 and 957.
319
What is the highest common divisor of 5232 and 231800490?
654
Calculate the greatest common divisor of 347218 and 42926.
254
What is the highest common divisor of 1581 and 686371?
31
What is the greatest common divisor of 506785 and 14615?
395
Calculate the greatest common factor of 1510116 and 261507.
183
Calculate the highest common factor of 9940 and 1152330.
710
Calculate the highest common divisor of 57339530 and 16967.
893
Calculate the highest common factor of 1968746 and 6.
2
What is the highest common divisor of 29635 and 71740408?
5927
What is the highest common factor of 16 and 77901008?
16
What is the greatest common factor of 28481 and 97094727?
1499
Calculate the greatest common divisor of 414950 and 283370.
430
What is the greatest common divisor of 6680 and 134906608?
1336
Calculate the highest common factor of 480 and 25028000.
160
What is the highest common factor of 11716 and 267264?
116
Calculate the greatest common factor of 24179063 and 4192.
131
What is the greatest common divisor of 2359068916 and 886?
886
Calculate the greatest common divisor of 33427416 and 2112.
264
Calculate the highest common factor of 175105715 and 77085.
2855
What is the greatest common divisor of 27475657 and 9878?
4939
Calculate the highest common divisor of 7055082 and 150.
6
Calculate the greatest common factor of 13305 and 1780365.
15
What is the highest common divisor of 9816430 and 80?
10
What is the greatest common factor of 10176 and 8781994?
106
Calculate the greatest common divisor of 198 and 425577.
3
What is the highest common divisor of 6494 and 1590266?
382
What is the greatest common factor of 242340 and 210420?
420
What is the highest common factor of 746625 and 3000?
375
What is the greatest common factor of 25285 and 1959425?
65
What is the highest common divisor of 19257 and 1089789?
393
Calculate the greatest common divisor of 1008 and 75230568.
504
Calculate the greatest common divisor of 12 and 24518058.
6
What is the greatest common factor of 30349 and 187?
11
Calculate the highest common divisor of 7 and 73705373.
7
What is the highest common factor of 1357 and 324914652?
1357
Calculate the highest common divisor of 1484 and 7184468.
212
Calculate the greatest common divisor of 122 and 298412.
122
What is the greatest common factor of 40093257 and 1385?
277
Calculate the highest common divisor of 28619159 and 421.
421
What is the highest common factor of 2453 and 5108261?
223
What is the greatest common divisor of 36076383 and 931?
133
Calculate the highest common factor of 12553061 and 6111.
97
Calculate the highest common divisor of 160270 and 4070.
110
What is the highest common divisor of 2338303 and 3201?
11
What is the highest common divisor of 141 and 2498567?
47
What is the greatest common factor of 189 and 1206401?
7
Calculate the highest common factor of 190439086 and 604.
302
What is the greatest common divisor of 358 and 508727487?
179
What is the greatest common factor of 29938 and 254?
2
What is the greatest common divisor of 310 and 72650?
10
What is the greatest common divisor of 1966386405 and 5235?
5235
Calculate the greatest common divisor of 197017736 and 1.
1
What is the greatest common factor of 602050 and 19150?
50
What is the greatest common divisor of 13163038 and 644?
322
What is the greatest common divisor of 759126 and 18?
6
What is the greatest common factor of 62586 and 1668411?
1647
What is the highest common divisor of 110 and 10595838?
22
What is the greatest common divisor of 504 and 653039576?
56
What is the greatest common factor of 12 and 251724792?
12
What is the greatest common divisor of 86086866 and 28418?
2186
Calculate the greatest common divisor of 1020 and 1597422.
102
What is the highest common factor of 420 and 32224320?
60
Calculate the greatest common factor of 1912 and 175916428.
956
What is the highest common divisor of 11705 and 1828941365?
11705
What is the highest common factor of 623 and 30302453?
89
Calculate the greatest common divisor of 84472011 and 89739.
6903
What is the highest common divisor of 103576 and 44512?
856
What is the greatest common divisor of 1548 and 4692504?
516
Calculate the greatest common factor of 243754 and 2133089.
161
Calculate the greatest common divisor of 1348260 and 22080.
1380
Calculate the highest common divisor of 1052600 and 6070.
10
Calculate the greatest common factor of 35880 and 575800.
40
What is the highest common divisor of 828 and 20895201?
207
What is the highest common factor of 9893 and 2330385187?
9893
Calculate the highest common factor of 46 and 1409162.
2
What is the highest common divisor of 282 and 42895866?
282
Calculate the highest common divisor of 267025 and 46321.
11
Calculate the greatest common factor of 208 and 115888.
16
What is the highest common divisor of 4118880 and 10320?
240
Calculate the highest common factor of 886522 and 42.
14
Calculate the highest common divisor of 130 and 14158130.
10
Calculate the greatest common divisor of 27506 and 5062430.
34
What is the highest common divisor of 1994 and 292121?
997
Calculate the highest common divisor of 38 and 439077194.
38
Calculate the greatest common divisor of 770 and 2679215.
385
What is the highest common divisor of 211 and 1030382419?
211
What is the greatest common divisor of 261 and 13451481?
9
What is the greatest common divisor of 36840521 and 157?
157
Calculate the greatest common divisor of 6276680 and 4625.
185
Calculate the greatest common divisor of 284480 and 21868000.
1120
Calculate the greatest common factor of 490 and 1698662.
14
What is the highest common divisor of 52 and 7398898?
26
What is the greatest common div